{"id":57,"date":"2020-12-10T17:39:51","date_gmt":"2020-12-10T17:39:51","guid":{"rendered":"http:\/\/healingloveministries.com.willowbrooksecurity.com\/?page_id=57"},"modified":"2021-01-22T15:36:14","modified_gmt":"2021-01-22T15:36:14","slug":"mision-y-vision","status":"publish","type":"page","link":"https:\/\/healingloveministries.com\/index.php\/mision-y-vision\/","title":{"rendered":"Misi\u00f3n y Visi\u00f3n"},"content":{"rendered":"\n<figure class=\"wp-block-image alignfull size-large\"><img loading=\"lazy\" decoding=\"async\" width=\"1024\" height=\"406\" src=\"https:\/\/healingloveministries.com\/wp-content\/uploads\/2021\/01\/fall_verse_spanish-1024x406.png\" alt=\"\" class=\"wp-image-214\" srcset=\"https:\/\/healingloveministries.com\/wp-content\/uploads\/2021\/01\/fall_verse_spanish-1024x406.png 1024w, https:\/\/healingloveministries.com\/wp-content\/uploads\/2021\/01\/fall_verse_spanish-300x119.png 300w, https:\/\/healingloveministries.com\/wp-content\/uploads\/2021\/01\/fall_verse_spanish-768x305.png 768w, https:\/\/healingloveministries.com\/wp-content\/uploads\/2021\/01\/fall_verse_spanish-1200x476.png 1200w, https:\/\/healingloveministries.com\/wp-content\/uploads\/2021\/01\/fall_verse_spanish.png 1475w\" sizes=\"auto, (max-width: 1024px) 100vw, 1024px\" \/><\/figure>\n\n\n\n<h2 class=\"wp-block-heading\"><strong>Misi\u00f3n:<\/strong><\/h2>\n\n\n\n<p id=\"yui_3_17_2_1_1607621873922_146\">Proporcionar un entorno familiar cristiano y amoroso a los ni\u00f1os cuyos derechos han sido vulnerados en El Salvador.<\/p>\n\n\n\n<h2 class=\"wp-block-heading\"><strong>Vision<\/strong>:<\/h2>\n\n\n\n<p>Transformar vidas en El Salvador a trav\u00e9s del discipulado de los ni\u00f1os en el evangelio de JesuCristo.<\/p>\n\n\n\n<h2 class=\"wp-block-heading\"><strong>\u00bfQue hacemos?<\/strong><\/h2>\n\n\n\n<p>Buscamos proveer un hogar seguro, amoroso y cristiano a &nbsp;ni\u00f1os que han sido abandonados o abusados.<\/p>\n\n\n\n<h3 class=\"wp-block-heading\">Healing Love Ministries BUSCA:<\/h3>\n\n\n\n<ul class=\"wp-block-list\"><li>Proveer un ambiente familiar seguro y piadoso donde los ni\u00f1os &nbsp;sean amados y sus derechos respetados.<\/li><li>Proveer un discipulado Cristo-Centrico que les permita sanar sus corazones a travel del estudio y la vida practica del evangelio.<\/li><li>Caminar junto con las familias sustitutas en el proceso de sanaci\u00f3n del coraz\u00f3n de los ni\u00f1os, proporcionando apoyo financiero, espiritual, psicol\u00f3gico y legal.&nbsp;<\/li><li>Proveer a los nines oportunidades para desarrollar sus dones y habilidades para convertirse en hombres y mujeres temerosos de Dios.&nbsp;<\/li><li>Promover y desarrollar la cultura de familias sustitutas a largo plazo dentro del cuerpo de Cristo en El Salvador<\/li><\/ul>\n\n\n\n<h2 class=\"wp-block-heading\"><strong>\u00bfComo?<\/strong><\/h2>\n\n\n\n<p>Trabajando con las iglesias cristianas salvadore\u00f1as locales para buscar familias piadosas que tengan la vocaci\u00f3n de servir como familias sustitutas para acoger a estos ni\u00f1os en su propia casa. A medida que modelan lo que es una familia, usan esta oportunidad para discipular a los ni\u00f1os en el evangelio y se\u00f1alarlos a Jes\u00fas. Una vez que la familia ha sido entrenada y certificada por las instituciones de protecci\u00f3n de la ni\u00f1ez, est\u00e1n aptos para recibir a un ni\u00f1o que ha sufrido traumas en la primera infancia. Healing Love Ministries viene junto a la familia sustituta para cubrir la alimentaci\u00f3n, vestimenta,&nbsp;educaci\u00f3n, salud, transporte y lo m\u00e1s importante sus necesidades espirituales, ense\u00f1\u00e1ndoles a confiar sus vidas a Jes\u00fas.&nbsp;<\/p>\n\n\n\n<p><\/p>\n\n\n\n<figure class=\"wp-block-image alignwide size-large\"><img loading=\"lazy\" decoding=\"async\" width=\"994\" height=\"568\" src=\"https:\/\/healingloveministries.com.willowbrooksecurity.com\/wp-content\/uploads\/2020\/12\/how-it-works-diagram_espanol.png\" alt=\"\" class=\"wp-image-116\" srcset=\"https:\/\/healingloveministries.com\/wp-content\/uploads\/2020\/12\/how-it-works-diagram_espanol.png 994w, https:\/\/healingloveministries.com\/wp-content\/uploads\/2020\/12\/how-it-works-diagram_espanol-300x171.png 300w, https:\/\/healingloveministries.com\/wp-content\/uploads\/2020\/12\/how-it-works-diagram_espanol-768x439.png 768w\" sizes=\"auto, (max-width: 994px) 100vw, 994px\" \/><\/figure>\n\n\n\n<h2 class=\"wp-block-heading\"><strong>\u00bfPor que ?<\/strong><\/h2>\n\n\n\n<p>Estamos convencidos que Dios dise\u00f1o la estructura familiar por una raz\u00f3n y tiene un efecto profundo en el desarrollo de una persona en la edad adulta. La naturaleza pecaminosa en la humanidad nos ha alejado del dise\u00f1o familiar de Dios, donde en lugar de proteger a los ni\u00f1os, est\u00e1n siendo maltratados y abandonados. Cuando una persona ha pasado por un trauma de abuso o abandono en su infancia temprana, esto puedo dejar heridas profundas que duran el resto de su vida. Queremos caminar con estos ni\u00f1os y hacerles saber que son amados, no solo por nosotros sino por el creador y salvador de este mundo.&nbsp;<\/p>\n\n\n\n<h2 class=\"wp-block-heading\"><strong>\u00bfCuando?<\/strong><\/h2>\n\n\n\n<ul class=\"wp-block-list\"><li>Al final de 2017, terminamos nuestro proceso como una organizaci\u00f3n sin fines de lucro en Wisconsin y recibimos el estatus de una organizaci\u00f3n 501(c)(3) (permite que todas las donaciones dentro de los EE. UU. Sean deducibles de impuestos).<\/li><li>Al fin de 2018, fuimos aprovados como ONG en El Salvador. <\/li><li>A pesar de la cuarantena militar por covid-19, nuestros programas de familia susitutas fue aprovado por CONNA y ISNA (las entidades governamentales de proteccion de la ni\u00f1ez y adolescencia), a finales de 2020. <\/li><li>Si Dios quiere, podremos ubicar a nuestro primer hijo en una familia sustituta para la primavera \/ verano de 2021.<\/li><\/ul>\n\n\n\n<ul class=\"wp-block-list\"><li><\/li><\/ul>\n","protected":false},"excerpt":{"rendered":"<p>Misi\u00f3n: Proporcionar un entorno familiar cristiano y amoroso a los ni\u00f1os cuyos derechos han sido vulnerados en El Salvador. Vision: Transformar vidas en El Salvador a trav\u00e9s del discipulado de los ni\u00f1os en el evangelio de JesuCristo. \u00bfQue hacemos? Buscamos proveer un hogar seguro, amoroso y cristiano a &nbsp;ni\u00f1os que han sido abandonados o abusados. [&hellip;]<\/p>\n","protected":false},"author":1,"featured_media":0,"parent":0,"menu_order":0,"comment_status":"closed","ping_status":"closed","template":"","meta":{"footnotes":""},"class_list":["post-57","page","type-page","status-publish","hentry"],"_links":{"self":[{"href":"https:\/\/healingloveministries.com\/index.php\/wp-json\/wp\/v2\/pages\/57","targetHints":{"allow":["GET"]}}],"collection":[{"href":"https:\/\/healingloveministries.com\/index.php\/wp-json\/wp\/v2\/pages"}],"about":[{"href":"https:\/\/healingloveministries.com\/index.php\/wp-json\/wp\/v2\/types\/page"}],"author":[{"embeddable":true,"href":"https:\/\/healingloveministries.com\/index.php\/wp-json\/wp\/v2\/users\/1"}],"replies":[{"embeddable":true,"href":"https:\/\/healingloveministries.com\/index.php\/wp-json\/wp\/v2\/comments?post=57"}],"version-history":[{"count":0,"href":"https:\/\/healingloveministries.com\/index.php\/wp-json\/wp\/v2\/pages\/57\/revisions"}],"wp:attachment":[{"href":"https:\/\/healingloveministries.com\/index.php\/wp-json\/wp\/v2\/media?parent=57"}],"curies":[{"name":"wp","href":"https:\/\/api.w.org\/{rel}","templated":true}]}}